when w is divided by 16.
8
Let j = 2105 - 2075. Calculate the remainder when j is divided by 22.
8
Suppose 14 = 5*m - j, 5*m + 5*j - 34 = -14. Suppose -3*p + 10 - 1 = 0. What is the remainder when m is divided by p?
0
Suppose 0 = 3*w - 4*d + 8, 5*w - 4*w - 3*d = -11. Suppose -w*l + 124 = 20. Calculate the remainder when l is divided by 6.
2
Let r(d) = -6*d**2 - 84*d + 16. Suppose 62 = 5*v - 3*v. Calculate the remainder when v is divided by r(-14).
15
Suppose -3*c - 69 = -333. Let i(w) = -4*w - 2*w + 1 - 7. Calculate the remainder when c is divided by i(-6).
28
Let c(p) = 6*p**2 - 1. Let u be c(-1). Suppose 0 = -u*v + 6 + 129. What is the remainder when (-15)/((-105)/14) - -77 is divided by v?
25
Let x be 1 - (1 + 0 + -1). Let t be x/2 + (-9)/(-6). Suppose t*w = 7*w + m - 86, w - 6 = -3*m. What is the remainder when 35 is divided by w?
17
Let d(y) = -122*y + 655. What is the remainder when 175 is divided by d(5)?
40
Let g(n) = -2*n**3 - 8*n**2 - 6*n - 7. Let r = -5125 - -5140. What is the remainder when g(-5) is divided by r?
13
Suppose p = -21 + 32. Let c(n) = -10*n - 1. What is the remainder when c(-2) is divided by p?
8
Suppose -10*d = 5 - 45. Suppose -4*v = -s + 42 + 28, -2*v - d = 0. What is the remainder when s is divided by 22?
18
Calculate the remainder when 114 + ((-15)/(-9) - (-2)/(-3)) is divided by 38.
1
Let h(t) = -t**2 + 9*t - 7. Let n be 2 + (-1 - -4) - -1. Suppose -69*u - 918 = -86*u. Calculate the remainder when u is divided by h(n).
10
Let d be (-1)/(4/(-32)) + -3. Suppose -4*j + 3*o = -11 - 26, d*j = 3*o + 47. What is the remainder when 19 is divided by j?
9
What is the remainder when 20 is divided by ((-12)/(-6)*13)/2?
7
Suppose -2*w = -0*w. Let j be (40/(-28))/((-8)/168). Suppose w = 5*v - 2*v - j. Calculate the remainder when 29 is divided by v.
9
What is the remainder when 11 + 3405/12 - (-6)/(-8) is divided by 37?
35
What is the remainder when 93 is divided by 156/(-8)*8/(-6)?
15
Suppose -157 - 67 = -14*v. Calculate the remainder when 53*(-1 - -2 - (16 - v)) is divided by 19.
15
Let y(g) = g**3 - 5*g**2 - 27*g + 124. Calculate the remainder when (-1566)/(-8) - (-2)/8 is divided by y(7).
31
Suppose 5*a - 20 = -5*r, -4*a + 15 + 1 = 2*r. Suppose 234*d = -282 + 1452. What is the remainder when d is divided by a?
1
Let r = 1409 - 1392. Suppose 4 = -2*m, 0*t + 3*m - 90 = -2*t. What is the remainder when t is divided by r?
14
Suppose 3*f + 179 = 5*t, -5*t - 13*f + 185 = -18*f. What is the remainder when 63 is divided by t?
29
Suppose -3*r + 2*k + 75 = 0, -3*r - k + 40 = -44. Suppose -8*p - r = -115. What is the remainder when 17 is divided by p?
6
Let s = 185 + -182. What is the remainder when 85 is divided by s?
1
Suppose 4*p - 10 = 10, 110 = 3*w + p. Calculate the remainder when 94 is divided by w.
24
Let i = 280 + -186. Calculate the remainder when i is divided by 33.
28
Let x(c) = -123*c - 606. What is the remainder when x(-6) is divided by 17?
13
Let t(c) = -c**3 - 12*c**2 + 56*c - 2. What is the remainder when t(-16) is divided by 36?
18
Let t(r) = 3*r**2 - 14*r - 242. Calculate the remainder when t(14) is divided by 19.
17
Let l = -19 + 83. Suppose -60 = -5*z - x + 6*x, 3*z + 4*x - l = 0. Let j = -64 - -92. What is the remainder when j is divided by z?
12
Let u(z) = z**2 + 4*z - 640. What is the remainder when 221 is divided by u(-28)?
29
Let g(f) = f**2 + 31*f - 14. Calculate the remainder when g(-32) is divided by 3.
0
Let z(k) = -k**2 + 24*k - 50. Let s = 45 - 30. Calculate the remainder when z(s) is divided by 29.
27
Let g = -188 + 235. Calculate the remainder when 328 is divided by g.
46
Let c(x) = 4*x**2 - x - 5. Let i(b) = 12*b**2 + 7*b. Calculate the remainder when c(-5) is divided by i(-2).
32
What is the remainder when 20 is divided by 14 - -28*8/(-32)?
6
Let v be 2/8 - (-117)/(-36). Let c(i) = -12*i - 4. Calculate the remainder when 93 is divided by c(v).
29
Let z(q) = 6*q. Let k(h) = -3*h - 82. Let n be k(-30). Suppose n*i - 238 = 290. What is the remainder when i is divided by z(3)?
12
Let y(z) = -2*z**2 + 7*z - 6. Let f be y(4). Calculate the remainder when (f/(-5))/(((-6)/(-19))/3) is divided by 11.
8
Let a be 3/(-6) - (-309)/(-6). Let x = a + 62. What is the remainder when 154/4 - (-2)/4 is divided by x?
9
Let g(w) = w**3 + 8*w**2 - 20*w + 4. Let m be g(-10). Let b = 78 + m. What is the remainder when b is divided by 44?
38
Let p be 10*9 + (3 - 3). Let z = p - 12. Suppose 5*s + 27 = 162. Calculate the remainder when z is divided by s.
24
Suppose -842*i + 1032 = -836*i. Calculate the remainder when i is divided by 65.
42
Suppose 5*p + 15 = 60. Suppose -4*a = -19 - p. Let l(g) = g + 25. Calculate the remainder when l(0) is divided by a.
4
Suppose 2*m - 205 - 189 = 0. Let v = 323 - m. Calculate the remainder when v is divided by 32.
30
Let c = 63 - 31. Calculate the remainder when 158 is divided by c.
30
What is the remainder when 176 is divided by (-1)/((-7)/91) - 0/3?
7
Let j(w) be the second derivative of w**4/12 - 5*w**3/2 - 9*w**2/2 + 24*w. Calculate the remainder when 16 is divided by j(16).
2
Let w = 37 + -34. Suppose w*h = 16 + 11. Calculate the remainder when 34 is divided by h.
7
Suppose 6*i + 30 = 3*i. Calculate the remainder when ((-78)/4)/(5/i) is divided by 14.
11
Suppose 147 = 13*y - 10*y. Calculate the remainder when 94 is divided by y.
45
Let o(l) = -3*l**2 - 71*l - 40. What is the remainder when (-164)/(-8) + (-1)/(-2) is divided by o(-23)?
3
Suppose 0*g - 6 = -3*g. Suppose 3*k = -7*s + g*s + 52, 4*k + s = 58. Let z = 3 + k. What is the remainder when z is divided by 9?
8
Let q(f) = 1 + 7*f**2 - 2*f**2 - 3*f**2 + 2*f - f. Calculate the remainder when (-666)/(-63) - 3/(-7) is divided by q(-2).
4
Suppose y - p = 12, -4*y + 3*p + 6 + 43 = 0. What is the remainder when 270 is divided by y?
10
Suppose 5*s + k = 39 + 148, -4*k = -s + 50. Suppose -2*y + s = -2*v, -2*v = -2*y + 3*y - 13. What is the remainder when 33 is divided by y?
16
Suppose -136 = -4*c - 100. Suppose c*d - 7*d = 8. What is the remainder when d is divided by (-1)/((-3)/2 + 1)?
0
Let s be -1 - (2 - 3/(12/(-236))). Let i = s + 117. What is the remainder when i is divided by 28?
27
Let s = -198 + 197. Let m be 0 + 14 + -3 + 3. Calculate the remainder when 18 is divided by m + -6 - (0 - s).
4
Let s = 38 - 19. Calculate the remainder when (141 - (-43 - -24)) + (-8)/(-1) is divided by s.
16
Let p(q) = -q**3 - 22*q**2 - 5*q - 68. Let j = -1 + 12. Calculate the remainder when p(-22) is divided by j.
9
Suppose 0 = -2*x + 5*x - 36. Suppose 2*j - 30 = 5*g + x, -4*g = -5*j + 105. What is the remainder when 40 is divided by j?
19
Let k be 126/(1/(-4)*-2). Suppose 2*d - k = -0*d. Suppose -12*m + 573 - 189 = 0. What is the remainder when d is divided by m?
30
Let z = 492 - 424. Calculate the remainder when z is divided by 15.
8
Calculate the remainder when (-1)/4 - (-57)/4 is divided by 1376/160 + (-2)/(-5).
5
Let t(a) = 3*a**3 + 2*a**2 - 1. Let v be t(-1). Calculate the remainder when 105 is divided by (0 + (v - 99/6))*-2.
31
Let p(x) = -7*x - 70. Let g be p(-27). Let b = 146 - g. Calculate the remainder when b is divided by 13.
1
Let w(k) = k**2 + 11*k - 13. Let r be w(7). Let d = r + -67. Calculate the remainder when d is divided by 16.
14
Suppose -2*r = r - 54. Let y(i) = -3*i**3 + 2*i**2 + 3*i + 9. Calculate the remainder when y(-2) is divided by r.
17
Let x(j) = j**3 + j**2 + 111. What is the remainder when x(0) is divided by 18 + (-7)/(98/30) + 3/21?
15
Let m(v) = 2*v**2 - 5*v - 12. Let c be m(-5). Suppose -c = -7*a - 0*a. What is the remainder when 44 is divided by a?
8
Suppose 198 - 30 = 3*t + 3*n, 0 = -5*t + 4*n + 244. Let w = -85 + t. Let q = w + 59. What is the remainder when q is divided by 7?
5
Let b be 0/(-3 + 1) - -4. Suppose 0 = b*k - 2*j - 130, -4*k + 3*k + 30 = -3*j. Suppose 0*n = 2*n - 34. What is the remainder when k is divided by n?
16
Suppose 46*g + 1290 = 51*g. Calculate the remainder when g is divided by 29.
26
Suppose 7*w - 15 = 2*w. Let u be ((-2)/w)/((-5)/(-15)). What is the remainder when (-12)/(u + -2) - -16 is divided by 10?
9
Let y(c) = 5*c**2 + 5*c. Calculate the remainder when y(8) is divided by 33.
30
Let j = -119 + 123. What is the remainder when 10 is divided by j?
2
Let y(n) = 5*n**2 + 154*n + 5. Supp